8?
False
Is 522 a factor of 12869535?
False
Does 627 divide 978832?
False
Is 2731436 a multiple of 113?
True
Is 172 a factor of 202392?
False
Is 477126 a multiple of 6?
True
Is 3663914 a multiple of 6?
False
Is 578946 a multiple of 94?
True
Is 104 a factor of 2272088?
True
Is 63 a factor of 114345?
True
Is 339599 a multiple of 214?
False
Does 452 divide 5527056?
True
Is 24 a factor of 381022?
False
Does 221 divide 1885980?
False
Is 5687973 a multiple of 31?
True
Is 959320 a multiple of 29?
True
Is 1465 a factor of 4758320?
True
Is 4282960 a multiple of 124?
True
Is 1403881 a multiple of 97?
True
Is 106 a factor of 3486658?
True
Is 6039358 a multiple of 403?
True
Is 155 a factor of 113150?
True
Does 678 divide 4849056?
True
Is 5394 a multiple of 2?
True
Is 1162899 a multiple of 11?
False
Is 20361024 a multiple of 216?
True
Does 103 divide 15009?
False
Is 132 a factor of 569184?
True
Does 19 divide 461491?
True
Does 126 divide 3697470?
True
Is 10 a factor of 69710?
True
Is 10 a factor of 170908?
False
Does 29 divide 7248956?
True
Is 459 a factor of 107693?
False
Is 35 a factor of 64855?
True
Does 830 divide 6008141?
False
Is 280943 a multiple of 442?
False
Is 42 a factor of 133726?
False
Is 48 a factor of 6059040?
True
Is 36 a factor of 238261?
False
Does 53 divide 145690?
False
Does 20 divide 6000393?
False
Does 101 divide 44986?
False
Does 408 divide 687888?
True
Is 15 a factor of 449598?
False
Is 58397 a multiple of 24?
False
Does 4 divide 31604?
True
Does 267 divide 298239?
True
Is 40320 a multiple of 72?
True
Does 79 divide 31995?
True
Is 735108 a multiple of 70?
False
Is 11440831 a multiple of 251?
True
Does 32 divide 134070?
False
Does 32 divide 592672?
True
Is 274568 a multiple of 18?
False
Is 1309808 a multiple of 16?
True
Does 2 divide 5094176?
True
Is 135024 a multiple of 24?
True
Is 145526 a multiple of 46?
False
Is 42 a factor of 852356?
False
Is 21 a factor of 1749237?
True
Does 4 divide 8450?
False
Is 192 a factor of 21699434?
False
Is 88 a factor of 394152?
True
Is 960815 a multiple of 59?
True
Is 5 a factor of 281320?
True
Is 24 a factor of 3963672?
True
Does 75 divide 1069713?
False
Is 13 a factor of 804622?
True
Does 158 divide 1726782?
True
Is 48 a factor of 6140592?
True
Is 28764 a multiple of 34?
True
Is 15238060 a multiple of 820?
True
Does 7 divide 5431880?
False
Does 79 divide 644324?
True
Does 25 divide 368608?
False
Is 558028 a multiple of 13?
False
Is 20 a factor of 4420?
True
Is 50328 a multiple of 18?
True
Is 488800 a multiple of 50?
True
Does 24 divide 2169564?
False
Is 12 a factor of 10306056?
True
Is 77 a factor of 983867?
False
Is 8 a factor of 9808?
True
Is 16 a factor of 114368?
True
Is 24489 a multiple of 9?
True
Is 941388 a multiple of 68?
False
Is 2117304 a multiple of 168?
True
Does 323 divide 11073532?
False
Is 207512 a multiple of 106?
False
Is 242119 a multiple of 486?
False
Is 28998 a multiple of 294?
False
Does 54 divide 205384?
False
Is 1950584 a multiple of 8?
True
Is 100482 a multiple of 23?
False
Is 8 a factor of 281536?
True
Does 1335 divide 7311432?
False
Does 6 divide 96834?
True
Is 366730 a multiple of 7?
True
Does 86 divide 10974116?
True
Is 64 a factor of 1000463?
False
Is 24 a factor of 483113?
False
Is 49 a factor of 4935770?
True
Does 3 divide 21097?
False
Is 18 a factor of 1290816?
True
Is 1642026 a multiple of 618?
True
Is 141939 a multiple of 27?
True
Does 792 divide 418968?
True
Is 208 a factor of 123760?
True
Is 774402 a multiple of 994?
False
Does 151 divide 167703?
False
Is 14 a factor of 83740?
False
Is 78700 a multiple of 25?
True
Is 4757764 a multiple of 22?
True
Is 2767243 a multiple of 5?
False
Is 125 a factor of 290500?
True
Is 300043 a multiple of 80?
False
Does 105 divide 936180?
True
Is 4 a factor of 351779?
False
Is 933 a factor of 6865947?
True
Is 7739712 a multiple of 216?
True
Is 382486 a multiple of 94?
True
Is 27 a factor of 721991?
False
Does 17 divide 1044684?
True
Does 67 divide 156110?
True
Is 32 a factor of 3840?
True
Is 74050 a multiple of 186?
False
Is 2934360 a multiple of 312?
True
Does 44 divide 11902846?
False
Is 197210 a multiple of 4?
False
Is 2065546 a multiple of 686?
True
Is 3869865 a multiple of 69?
True
Is 2541189 a multiple of 13?
False
Is 3204 a multiple of 12?
True
Is 14784 a multiple of 176?
True
Does 12 divide 113196?
True
Is 897516 a multiple of 214?
True
Does 463 divide 307442?
False
Is 2115 a multiple of 3?
True
Does 3 divide 521212?
False
Is 2900 a multiple of 100?
True
Does 68 divide 2872864?
True
Does 8 divide 19624?
True
Does 24 divide 7572715?
False
Is 284 a factor of 728744?
True
Does 95 divide 1849525?
False
Does 320 divide 9600?
True
Does 42 divide 382861?
False
Is 192234 a multiple of 163?
False
Is 171 a factor of 483717?
False
Does 16 divide 169333?
False
Is 106 a factor of 1757103?
False
Is 54648 a multiple of 18?
True
Does 13 divide 2386756?
False
Is 27 a factor of 22687?
False
Is 77307 a multiple of 219?
True
Is 12922 a multiple of 14?
True
Does 93 divide 326058?
True
Does 17 divide 62730?
True
Is 27 a factor of 452468?
False
Does 11 divide 216557?
True
Does 35 divide 187715?
False
Does 7 divide 210441?
True
Is 49 a factor of 652040?
False
Does 3 divide 259965?
True
Does 2 divide 852956?
True
Is 303221 a multiple of 290?
False
Does 38 divide 1125?
False
Is 374 a factor of 12150?
False
Is 181 a factor of 132487?
False
Does 13 divide 2101073?
True
Is 431413 a multiple of 39?
False
Is 127 a factor of 121412?
True
Is 5 a factor of 764293?
False
Does 26 divide 7430120?
False
Does 29 divide 106558?
False
Does 14 divide 89243?
False
Is 6 a factor of 3830439?
False
Does 519 divide 611382?
True
Is 852 a factor of 3089480?
False
Is 158074 a multiple of 98?
True
Is 9 a factor of 6791?
False
Does 17 divide 225530?
False
Is 69 a factor of 626727?
True
Is 485 a factor of 678515?
True
Is 566 a factor of 6434776?
False
Does 20 divide 2659072?
False
Is 454312 a multiple of 3?
False
Does 65 divide 1018420?
True
Is 9579157 a multiple of 11?
False
Is 98 a factor of 7519870?
False
Does 1508 divide 122148?
True
Is 368782 a multiple of 84?
False
Is 43140 a multiple of 5?
True
Does 94 divide 89582?
True
Is 632800 a multiple of 175?
True
Is 2251279 a multiple of 184?
False
Is 656292 a multiple of 78?
True
Is 65 a factor of 445380?
True
Is 11542176 a multiple of 16?
True
Is 254 a factor of 4515866?
True
Is 208 a factor of 400400?
True
Is 633750 a multiple of 169?
True
Is 1974364 a multiple of 107?
True
Does 55 divide 5003?
False
Does 48 divide 372096?
True
Is 45 a factor of 3082751?
False
Does 130 divide 4125550?
True
Is 21 a factor of 54693?
False
Does 14 divide 8957816?
True
Does 13 divide 2028247?
True
Is 27 a factor of 181390?
False
Does 21 divide 37475?
False
Is 475992 a multiple of 66?
True
Is 68015 a multiple of 56?
False
Is 2768535 a multiple of 15?
True
Is 2 a factor of 2428?
True
Does 7 divide 9212357?
True
Is 9049 even?
False
Is 3 a factor of 3322?
False
Is 14 a factor of 159386?
False
Does 46 divide 146489?
False
Does 453 divide 104081?
False
Does 457 divide 933628?
False
Does 12 divide 4261200?
True
Is 73645 a multiple of 103?
True
Does 601 divide 5399384?
True
Does 124 divide 245768?
True
Does 62 divide 459464?
False
Is 260268 a multiple of 46?
True
Is 80 a factor of 77760?
True
Is 112470 a multiple of 138?
True
Is 114744 a multiple of 34?
False
Does 119 divide 41293?
True
Is 11953 a multiple of 40?
False
Is 9 a factor of 148338?
True
Does 40 divide 6778221?
False
Does 109 divide 283537?
False
Does 220 divide 286287?
False
Is 163792 a multiple of 232?
True
Does 257 divide 5879?
False
Does 61 divide 1305400?
True
Is 4660810 a multiple of 14?
True
Is 25 a factor of 104516?
False
Does 26 divide 88517?
False
Is 5 a factor of 2024018?
False
Is 1547082 a multiple of 18?
True
Is 22923 a multiple of 48?
False
Is 9405 a multiple of 19?
True
Is 84 a factor of 3214658?
False
Does 146 divide 8482016?
True
Does 758 divide 127118?
False
Is 1062259 a multiple of 121?
True
Is 407896 a multiple of 268?
True
Is 373428 a multiple of 11?
True
Does 14 divide 3751356?
True
Is 4062555 a multiple of 16?
False
Is 251233 a multiple of 138?
False
Is 682 a factor of 1185998?
True
Does 4 divide 7434615?
False
Is 2829764 a multiple of 52?
False
Is 72 a factor of 10